thousands digit of 5735722?
5
What is the ten millions digit of 15390031?
1
What is the tens digit of 256658?
5
What is the hundred thousands digit of 2237295?
2
What is the units digit of 272123?
3
What is the tens digit of 166266?
6
What is the hundreds digit of 788095?
0
What is the thousands digit of 307598?
7
What is the hundred thousands digit of 405482?
4
What is the hundreds digit of 166614?
6
What is the tens digit of 524256?
5
What is the thousands digit of 225892?
5
What is the hundreds digit of 8882?
8
What is the thousands digit of 1666657?
6
What is the millions digit of 6808020?
6
What is the ten thousands digit of 91514?
9
What is the hundreds digit of 506349?
3
What is the millions digit of 9703403?
9
What is the units digit of 3997592?
2
What is the tens digit of 279475?
7
What is the ten millions digit of 35222396?
3
What is the millions digit of 6112044?
6
What is the thousands digit of 336277?
6
What is the thousands digit of 14601267?
1
What is the tens digit of 18785900?
0
What is the thousands digit of 170992?
0
What is the tens digit of 203962?
6
What is the thousands digit of 1012255?
2
What is the units digit of 75192?
2
What is the thousands digit of 527702?
7
What is the millions digit of 12268928?
2
What is the ten thousands digit of 3551979?
5
What is the tens digit of 87922?
2
What is the ten millions digit of 20017718?
2
What is the units digit of 430479?
9
What is the units digit of 2790242?
2
What is the tens digit of 8617173?
7
What is the thousands digit of 6903261?
3
What is the hundreds digit of 511459?
4
What is the tens digit of 1791050?
5
What is the thousands digit of 1074831?
4
What is the hundreds digit of 14474141?
1
What is the units digit of 183999?
9
What is the thousands digit of 1109625?
9
What is the thousands digit of 394588?
4
What is the ten thousands digit of 193906?
9
What is the tens digit of 958321?
2
What is the units digit of 89220?
0
What is the hundred thousands digit of 232096?
2
What is the thousands digit of 11488015?
8
What is the thousands digit of 5749035?
9
What is the ten thousands digit of 644808?
4
What is the hundreds digit of 262853?
8
What is the thousands digit of 251598?
1
What is the hundred thousands digit of 286795?
2
What is the millions digit of 15292091?
5
What is the units digit of 74521?
1
What is the tens digit of 178374?
7
What is the ten thousands digit of 234715?
3
What is the hundreds digit of 500976?
9
What is the thousands digit of 188476?
8
What is the ten thousands digit of 202443?
0
What is the hundreds digit of 1424511?
5
What is the ten millions digit of 16125625?
1
What is the hundreds digit of 332013?
0
What is the thousands digit of 28119797?
9
What is the tens digit of 2929334?
3
What is the thousands digit of 1991966?
1
What is the tens digit of 357723?
2
What is the thousands digit of 4701395?
1
What is the thousands digit of 414133?
4
What is the hundreds digit of 350091?
0
What is the millions digit of 9651227?
9
What is the thousands digit of 8558387?
8
What is the ten thousands digit of 3266131?
6
What is the tens digit of 1967478?
7
What is the tens digit of 7621615?
1
What is the hundreds digit of 2518577?
5
What is the tens digit of 69448?
4
What is the units digit of 178923?
3
What is the thousands digit of 16947155?
7
What is the ten thousands digit of 1710560?
1
What is the millions digit of 1415554?
1
What is the hundreds digit of 1518286?
2
What is the hundreds digit of 2161361?
3
What is the hundred thousands digit of 1249908?
2
What is the units digit of 36881?
1
What is the thousands digit of 783597?
3
What is the ten thousands digit of 2034949?
3
What is the units digit of 1177894?
4
What is the tens digit of 4061516?
1
What is the hundreds digit of 697939?
9
What is the ten thousands digit of 1150487?
5
What is the ten thousands digit of 526380?
2
What is the units digit of 7071026?
6
What is the hundred thousands digit of 545635?
5
What is the hundred thousands digit of 450226?
4
What is the ten thousands digit of 157669?
5
What is the units digit of 3839137?
7
What is the hundreds digit of 73052?
0
What is the units digit of 490902?
2
What is the hundred thousands digit of 413975?
4
What is the millions digit of 7221410?
7
What is the millions digit of 8560525?
8
What is the millions digit of 2490268?
2
What is the ten thousands digit of 298829?
9
What is the tens digit of 256597?
9
What is the tens digit of 17897070?
7
What is the units digit of 297141?
1
What is the ten thousands digit of 34406?
3
What is the millions digit of 1347654?
1
What is the tens digit of 244272?
7
What is the units digit of 4609?
9
What is the tens digit of 2384?
8
What is the ten thousands digit of 253506?
5
What is the tens digit of 160549?
4
What is the thousands digit of 691559?
1
What is the ten thousands digit of 87239?
8
What is the ten thousands digit of 2718241?
1
What is the ten thousands digit of 260300?
6
What is the hundreds digit of 53251?
2
What is the hundred thousands digit of 7292353?
2
What is the units digit of 5877749?
9
What is the hundred thousands digit of 690262?
6
What is the ten thousands digit of 1504819?
0
What is the ten thousands digit of 1502626?
0
What is the units digit of 18777254?
4
What is the ten thousands digit of 383356?
8
What is the units digit of 28058032?
2
What is the hundred thousands digit of 964756?
9
What is the units digit of 32402?
2
What is the millions digit of 2463165?
2
What is the ten thousands digit of 83637?
8
What is the hundred thousands digit of 832184?
8
What is the thousands digit of 2645329?
5
What is the hundred thousands digit of 741489?
7
What is the units digit of 16719078?
8
What is the hundreds digit of 1360195?
1
What is the thousands digit of 263948?
3
What is the ten thousands digit of 14055850?
5
What is the tens digit of 8086986?
8
What is the millions digit of 25294184?
5
What is the tens digit of 11168005?
0
What is the thousands digit of 661925?
1
What is the hundreds digit of 49189?
1
What is the tens digit of 60679?
7
What is the units digit of 203188?
8
What is the tens digit of 5876415?
1
What is the hundred thousands digit of 14709838?
7
What is the tens digit of 258460?
6
What is the thousands digit of 29876833?
6
What is the units digit of 457855?
5
What is the thousands digit of 124680?
4
What is the hundreds digit of 337268?
2
What is the units digit of 572137?
7
What is the hundred thousands digit of 327688?
3
What is the millions digit of 7035599?
7
What is the thousands digit of 18864874?
4
What is the hundred thousands digit of 137552?
1
What is the ten thousands digit of 1664933?
6
What is the hundred thousands digit of 102680?
1
What is the ten thousands digit of 7955203?
5
What is the thousands digit of 209625?
9
What is the tens digit of 388450?
5
What is the millions digit of 1183465?
1
What is the thousands digit of 422555?
2
What is the thousands digit of 1346802?
6
What is the units digit of 35317?
7
What is the thousands digit of 129568?
9
What is the hundred thousands digit of 5516723?
5
What is the hundred thousands digit of 12338225?
3
What is the hundreds digit of 511903?
9
What is the thousands digit of 1429497?
9
What is the hundred thousands digit of 2205754?
2
What is the tens digit of 4985123?
2
What is the hundreds digit of 194980?
9
What is the hundreds digit of 399258?
2
What is the units digit of 6791?
1
What is the tens digit of 727752?
5
What is the thousands digit of 283707?
3
What is the hundred thousands digit of 377747?
3
What is the units digit of 111687?
7
What is the millions digit of 1677724?
1
What is the thousands digit of 32239381?
9
What is the millions digit of 1511836?
1
What is the hundreds digit of 1017042?
0
What is the tens digit of 15071074?
7
What is the tens digit of 239438?
3
What is the ten thousands digit of 10015820?
1
What is the millions digit of 17079152?
7
What is the thousands digit of 672874?
2
What is the thousands digit of 108586?
8
What is the hundreds digit of 1325571?
5
What is the thousands digit of 2180530?
0
What is the units digit of 5527759?
9
What is the hundred thousands digit of 7546447?
5
What is the ten millions digit of 28757081?
2
What is the hundreds digit of 16327?
3
What is the